the greatest common factor of q and 5?
5
Let x = -3 - -18. Let a be -1 + (11 - (0 + 0)). What is the greatest common factor of x and a?
5
Suppose 10*k - 2061 = 979. Calculate the highest common divisor of 38 and k.
38
Suppose -5*m = -2*v, 8*m - 5*m - 31 = -5*v. Suppose 5*i + 4*a - 108 = 0, 80 + 1 = 4*i + v*a. What is the highest common factor of i and 16?
8
Let w = 74 + -65. What is the greatest common divisor of 3 and w?
3
Let p(f) = -f**3 - 5*f**2 - f - 6. Let m = 4 - 11. Let j be p(m). Suppose 4*x = -15 + 51. What is the greatest common factor of x and j?
9
Let l be 1 - -3*4/6. Suppose 50*u - 54*u + 36 = 0. What is the highest common divisor of l and u?
3
Let s(b) = -5*b + 9. Let u be s(-3). What is the highest common divisor of u and 24?
24
Let q = -13 + 23. Let v be (-46 - 1) + 0/(-1). Let d = v - -77. What is the greatest common divisor of d and q?
10
Let h(n) be the second derivative of -3/2*n**2 + 0 - 2*n - 1/4*n**4 + 1/4*n**5 + 0*n**3. Let d be h(3). What is the highest common factor of 15 and d?
15
Suppose h + 0 = -1. Let n = h - -3. Let y(u) = 2*u**3 - 4*u**2 + 3*u - 2. Let z be y(n). What is the greatest common factor of 6 and z?
2
Let z be (54/21)/(-3)*7. Let k = z - -11. Suppose 2*n + 3*c - 70 = 0, c - 3*c = 0. What is the highest common divisor of k and n?
5
Let u be (-581)/(-35) + 4/10. Suppose -6*x - 24 = -2*x. Let a(g) = -19*g + 5. Let t be a(x). Calculate the greatest common divisor of t and u.
17
Suppose 0 = -4*v - 20, -5*y + 0*y + 5*v + 350 = 0. Calculate the greatest common factor of 5 and y.
5
Suppose 4*b = -4*w + 92, 4*b - 6*b + 58 = -2*w. What is the highest common factor of 65 and b?
13
Let v be (24/2 - 2) + (0 - -2). Calculate the highest common divisor of 6 and v.
6
Let q(t) = 4*t**2 - t - 2. Let h be q(2). Let a = 28 - -80. What is the greatest common factor of h and a?
12
Let j(y) = y + 5. Let m be j(10). Calculate the greatest common factor of 165 and m.
15
Suppose -6 + 20 = 2*k. Suppose 3 - k = -w. What is the greatest common divisor of w and 20?
4
Suppose 3 = -k + 13. Calculate the greatest common divisor of 10 and k.
10
Let i(l) = l**3 + 4*l**2 - l - 2. Let r be i(-4). Suppose 0 = d - r*d + 44. What is the highest common divisor of 11 and d?
11
Let i = 2 + 0. Suppose -4*j = -0*q - 4*q - 12, -j = 5*q - 21. Let f be -6*(-16)/j*1. What is the highest common factor of f and i?
2
Let q be (-10)/(-4)*16/20. Let z(p) = 3*p + 0*p - 4*p. Let g be z(-2). What is the greatest common divisor of q and g?
2
Let a be (-24)/18*(-6)/4. Suppose -a*c - x = -3*x - 22, -2*c + x = -27. Suppose p = 16 + 24. What is the greatest common divisor of c and p?
8
Let w(g) = -g**3 + 20*g**2 + 25*g - 26. Let a be w(21). Calculate the greatest common factor of 145 and a.
29
Let o = -5 + 3. Let p(m) = -m**2 - 4*m - 3. Let f be p(o). Calculate the highest common factor of f and 3.
1
Let n(r) = 2*r**3 + r - 2. Let h be n(3). Suppose 0*s = -3*s + 66. Calculate the greatest common divisor of s and h.
11
Suppose 5*z - 4*d - 314 = 0, 7*d - 86 = -z + 2*d. Suppose 4*j - 2*j = z. What is the greatest common divisor of 11 and j?
11
Suppose 5*u = -3*w + 90, -3*u = 5*w - 65 - 5. Let s be 1264/12 + ((-32)/(-12) - 3). What is the highest common factor of s and u?
15
Let s(z) = z**3 - 4*z**2 - 3*z + 5. Let l be s(5). Calculate the highest common divisor of 120 and l.
15
Let p = -1940 + 992. Let v be 3/5 - p/20. What is the greatest common divisor of 12 and v?
12
Suppose 45 = -5*w - 15. Let z be (-100)/(-6)*w/(-4). Let p = z + -20. Calculate the highest common factor of 20 and p.
10
Let g be (-4)/(-22) - 2176/(-11). What is the greatest common divisor of 22 and g?
22
Let u = 19 - 1. Let o be (u/(-5))/(2/(-5)). Calculate the greatest common factor of o and 81.
9
Let i be (-2)/(-3) + 55/3. Calculate the highest common divisor of i and 209.
19
Let q = -4 - -2. Let m = q + 4. Suppose 10 = 3*d - 5*u - 4, 4*d + 4*u = 40. What is the highest common factor of m and d?
2
Let k = 3 - 1. Let q(x) be the third derivative of x**4/8 + x**3/6 + x**2. Let y be q(k). Calculate the highest common divisor of y and 35.
7
Let u = -169 + 301. What is the highest common divisor of u and 12?
12
Let f be -5*(141/(-15) - -3). Suppose -a + 77 = 5*x - 4*a, -4*a + 36 = 2*x. What is the greatest common factor of f and x?
16
Let x(n) = n**3 - 4*n**2 + 2*n + 1. Let i be x(5). Suppose 7 = 5*w - 68. Let k = -11 + w. What is the greatest common factor of k and i?
4
Suppose l - 24 = -4. Let b = 1442 + -642. Suppose 0 = d + 4*d - b. What is the greatest common factor of d and l?
20
Let j(l) = 3*l**2 - 4*l**2 + 1 - 4*l**2 - l**3 + 0*l - 2*l. Let p be j(-5). Calculate the greatest common divisor of 1 and p.
1
Suppose 4*d = 5*w + 324, 3*d + 3*w = -d + 356. Let m = 78 - 47. Suppose -4*k + 5*f = -101, 5*k = -3*f + d + m. Calculate the highest common divisor of k and 60.
12
Let y(m) be the first derivative of -m**4 - 4*m**3/3 + 3*m**2/2 - 4*m + 1. Let k be y(-4). What is the greatest common divisor of 22 and k?
22
Let j be 464 + (0/(-4) - 5). What is the highest common factor of 51 and j?
51
Let q = 29 + -20. Calculate the greatest common factor of 1 and q.
1
Suppose 0 = -3*t, 2*t = -5*b + 4*t + 15. Suppose b*o - 196 - 389 = 0. Let g = -107 + o. What is the highest common factor of 11 and g?
11
Suppose r - m + 82 = 2*r, 2*m = -5*r + 404. Calculate the highest common divisor of r and 32.
16
Let a(g) = g**3 + 3*g**2 - 3*g + 7. Let x be a(-4). What is the greatest common divisor of 24 and x?
3
Let b(j) = j**3 + 10*j**2 + 8*j - 13. Let r be b(-9). Let l be 27 - (r/2 - -1). What is the highest common divisor of l and 14?
14
Suppose -4*y = -8, 5*f - 2*f = 3*y + 69. Suppose k - f = -4. Calculate the highest common factor of k and 7.
7
Let m(p) = p**2 + 8*p - 4. Let f be m(-10). Calculate the greatest common divisor of 16 and f.
16
Let t be 8/12*3*1. Let x be (-88)/(-32) - t/(-8). What is the greatest common divisor of x and 21?
3
Let n = 20 - 12. Let m = -184 + 186. Calculate the greatest common factor of n and m.
2
Suppose 3*q + 3 = 0, 20 = 2*h - 3*q - 5. What is the greatest common divisor of 352 and h?
11
Let b(d) = 27*d. Let l be b(3). Calculate the highest common divisor of 9 and l.
9
Let y(a) = a**2 - 11*a + 31. Let t be y(9). What is the highest common factor of t and 143?
13
Let l(w) = -3*w**3 + w**2 + w + 1. Let u be l(-2). Calculate the greatest common divisor of u and 9.
9
Suppose 7*q - 175 = 4*q - 5*a, 0 = -4*q - 2*a + 224. Calculate the highest common divisor of q and 11.
11
Suppose 9*p = 4*p. Suppose p = -3*z + 33 + 3. Suppose a + 3 - z = 0. Calculate the highest common factor of a and 72.
9
Let t(i) be the second derivative of -i**4/12 - 7*i**3/6 + 5*i**2/2 - 5*i. Let w be t(-5). Calculate the highest common factor of w and 165.
15
Let z(a) = -2*a - 9. Let s(j) = -j - 1. Let f(w) = -3*s(w) + z(w). Let g be f(5). Let t be g/(-1) + (-5 - -11). What is the greatest common divisor of t and 56?
7
Let p(r) = 27*r**3 + 2*r - 1. Let y(j) = -j**2 - 5*j - 3. Suppose -n = -0*n + 4. Let a be y(n). Let o be p(a). What is the greatest common factor of o and 7?
7
Let x be ((-9)/(-4))/((-4)/(-16)). What is the greatest common divisor of 9 and x?
9
Let a be (-1)/(-5) + (-148)/(-10). What is the highest common factor of a and 6?
3
Let z = 1 - 0. Suppose 16 = 3*i + z. Suppose -2*u + u + 24 = 2*b, 5*u = i*b + 75. What is the greatest common divisor of u and 162?
18
Suppose 6 = -2*a - 2, 2*f + 4*a = 10. Let j = 89 - 41. Let m = j + -9. Calculate the highest common divisor of m and f.
13
Let w be (-42)/(-28)*10*2. Let d = w + -16. Calculate the highest common factor of d and 7.
7
Suppose 2 = -4*s + 6*s. Calculate the highest common divisor of s and 1.
1
Let s(v) = -4*v**2 + 4*v + 8. Let d(m) = -3*m**2 + 4*m + 7. Let a(x) = 6*d(x) - 5*s(x). Let o be a(-2). What is the greatest common divisor of o and 4?
2
Let r be 1 + 97/1 - (-21 - -23). Calculate the greatest common factor of r and 12.
12
Let j be 2/(-5) - 726/(-15). Calculate the greatest common divisor of 6 and j.
6
Suppose -3*h - 2*y = -128, -3*y - 59 = -3*h + 64. Let m be ((7*4)/(-2))/(-1). Calculate the highest common factor of m and h.
14
Let h(w) be the first derivative of 3 + 1/2*w**2 + 4*w + 1/3*w**3. Let k be h(-3). Calculate the highest common divis